 - x/2)/(-1). Suppose 21 = 4*z - s. Calculate the highest common factor of z and 28.
7
Let g be (-4)/(-4) - 1*-26. Calculate the highest common divisor of 3 and g.
3
Let c(p) = p**3 - p**2 - 2*p - 3. Let v be c(3). Calculate the greatest common divisor of 9 and v.
9
Let j(n) = -2*n**3 + n**2 - n - 1. Let o be j(-1). Suppose 0*t - o*s - 11 = -t, -5*s = 5. Calculate the greatest common divisor of t and 8.
8
Let q be (-140)/(-3)*6/4. Suppose -i + q = 25. What is the greatest common factor of 9 and i?
9
Let k(o) = -o**3 - 5*o**2 - 6*o - 2. Let i = -11 + 7. Let l be k(i). Calculate the highest common divisor of 30 and l.
6
Suppose -5*g + g - 20 = 0. Let d be (g/5)/((-1)/11). Let q be 7/(-63) - (-892)/9. Calculate the greatest common divisor of q and d.
11
Let w(k) = -k**3 - 5*k**2 + 5*k + 2. Suppose -8*h + 3*h = -2*q + 20, 34 = -4*h - 2*q. Let c be w(h). Calculate the greatest common factor of 72 and c.
8
Let n(a) = a**3 + 6*a**2 + 2*a - 5. Let z be n(-4). Calculate the greatest common factor of z and 171.
19
Let y(k) = k**2 - 16*k - 37. Let x be y(19). What is the highest common divisor of 140 and x?
20
Let d = 17 - 33. Let s = d + 31. Calculate the highest common factor of s and 3.
3
Let y(n) = n. Let r be y(7). Calculate the greatest common factor of 28 and r.
7
Suppose -52 = -0*f - f. Let z = 95 + -69. What is the highest common divisor of f and z?
26
Suppose -3*l = 2*v - 565, 3*l + 2*l - 3*v - 948 = 0. Let p(a) = -13*a + 1. Let b be p(-2). Calculate the highest common factor of b and l.
27
Suppose -20 = -7*p + 2*p. Let y = 14 - p. What is the greatest common divisor of y and 15?
5
Suppose 393 = 12*o - 687. Calculate the greatest common factor of o and 36.
18
Suppose 0 = -5*r - w + 7 + 63, 5*w - 14 = -r. What is the greatest common divisor of r and 14?
14
Suppose -2*w + 136 = 6*w. Let t(l) = -l**2 + l + 68. Let z be t(0). Calculate the highest common divisor of w and z.
17
Let i(t) = -t + 16. Suppose -2*c - 2*j + 10 = 0, -2*c + c = 4*j - 5. Suppose 0 = c*g - 6*g. Let o be i(g). Calculate the highest common factor of o and 64.
16
Suppose 5*o = 25, -o = 4*x + o - 34. Let q = 6 + x. What is the greatest common divisor of 12 and q?
12
Suppose 0 = 5*s - j - 5, 3*j = 5*s + j. Suppose 0 = -l - s*l + 36. Calculate the greatest common divisor of l and 60.
12
Let k = -250 - -360. What is the highest common divisor of 11 and k?
11
Suppose 0 = -4*b - 51 + 227. Let r(j) = -3*j**3 - j**2. Let k be r(-1). Suppose t = k*t - b. What is the highest common divisor of t and 66?
22
Let q = -14 + 18. Calculate the highest common factor of 6 and q.
2
Let m(h) = -h**3 + 6*h**2 + h - 4. Let z be m(5). What is the greatest common factor of z and 13?
13
Suppose 14 = 2*c - 2*z, 4*c - 22 = 5*z + 10. Suppose -27 - c = -3*r. Calculate the highest common divisor of r and 80.
10
Suppose 0 = -2*x + 20 + 34. Let v be (-2)/4*4 - -5. What is the greatest common divisor of v and x?
3
Let d(b) be the second derivative of 7*b**3/6 + 3*b**2/2 + 4*b. Let u be d(3). Calculate the highest common divisor of u and 168.
24
Suppose 108 = 3*y + y. Suppose -3*g + 6 + y = 0. What is the highest common factor of 121 and g?
11
Let f(y) = -y**3 - 5*y**2 - 3*y + 1. Let j be f(-5). Calculate the greatest common divisor of j and 144.
16
Let a be (-341)/(-7) - 14/(-49). Calculate the highest common divisor of 7 and a.
7
Suppose x - 4*h = -7*h + 4, -3*x - 3*h = -12. Let u = 86 + -66. Calculate the greatest common factor of x and u.
4
Suppose 0*o + 4*o - 44 = 0. Suppose t - 132 = -3*t. Calculate the greatest common factor of t and o.
11
Suppose -5*q + 0*q + 150 = 0. What is the highest common divisor of 30 and q?
30
Let o = -4 + -11. Let c = o - -25. Suppose 70 = 5*f + c. What is the greatest common factor of 108 and f?
12
Let s = 13 - 7. Let p be 144/(-8)*(-10)/s. Calculate the greatest common divisor of p and 10.
10
Suppose 3*q - 3*k = q, 2*q + 8 = 5*k. What is the highest common divisor of 66 and q?
6
Suppose -10 = -5*b + 5*o, 3*b = 2*b + 4*o - 10. Suppose l + b = -l, 3*l = -5*v + 121. Suppose -v = -4*c + 42. Calculate the greatest common factor of c and 153.
17
Suppose 5*c - 933 + 328 = 0. What is the highest common divisor of c and 11?
11
Suppose 0 = -3*f - 5*h + 36, 4*h = -5*f + f + 40. Let s = 18 - f. What is the greatest common divisor of s and 44?
11
Suppose y = 34 - 6. Suppose 0*n - 24 = -5*n - g, y = 5*n - 3*g. What is the greatest common factor of n and 50?
5
Suppose -3*y = -2*m + y + 44, -4*y = -4*m + 72. What is the highest common divisor of 154 and m?
14
Let y = -68 + 71. Calculate the highest common divisor of 48 and y.
3
Suppose -w = -6*w + 330. Calculate the greatest common factor of w and 6.
6
Let r(u) = u**2 - u + 4. Let f be r(0). Suppose -f*l + 5 = 3*q - 20, -5*q + 3 = -3*l. Let c = -8 - -41. What is the greatest common divisor of c and q?
3
Let c(j) = 12*j + 3. Let q be c(17). Calculate the highest common divisor of q and 9.
9
Let w = 267 + -191. Calculate the highest common factor of w and 19.
19
Suppose 11*w - 111 = 7*w + v, -5*v - 123 = -4*w. Calculate the highest common factor of 27 and w.
27
Let a(b) = -b - 1. Let u be a(-4). Let q be 3 - -2*u - -3. Suppose -6*v = -3*v - q. What is the greatest common divisor of 1 and v?
1
Suppose -371 - 137 = -4*n. Let z = n + -43. Suppose -2*b + 0 = -24. What is the greatest common divisor of b and z?
12
Let z(w) = 11*w**3 + w - 2. Let h = 46 + -44. Let k be z(h). Let b(a) = 6*a**2 - 2. Let m be b(-2). Calculate the highest common divisor of k and m.
22
Suppose -4*r + 5*p = -300, 5*r - p + 142 = 538. What is the highest common divisor of r and 16?
16
Let l(i) = -i**3 - i**2 + i + 1. Let p be l(0). Let u(f) = 8*f**3 - 2*f**2 + 2*f - 1. Let z be u(p). What is the highest common factor of 63 and z?
7
Suppose -4*k + 528 = -k. Let x(r) = r**2 + 8*r - 4. Let b be x(-10). Calculate the highest common factor of b and k.
16
Suppose 4*y + 112 = 2*d, -d - 5*y + 32 = 4. What is the greatest common factor of 16 and d?
16
Let i = 8 - 2. Let h be (-20)/6*3*(-24)/20. What is the greatest common factor of h and i?
6
Let a(r) = r**3 - 6*r**2 + r - 7. Let f be a(6). Let i be 0*((-2)/4 - f). Let j(n) = n**3 - n + 3. Let d be j(i). What is the highest common divisor of d and 6?
3
Let w = 0 - 1. Let o be (0/1 + 0)*w. Suppose o = -3*k - k + 80. Calculate the greatest common factor of k and 4.
4
Let d be 20*(5 + (-76)/16). Suppose -n + 9 = f - 0*n, -3*n = -12. Calculate the highest common divisor of f and d.
5
Let s be 1/(-1) + 2 + 0. What is the greatest common factor of 1 and s?
1
Let a(g) = 5*g + 5. Let k be a(-7). Let z = k - -52. What is the highest common factor of 110 and z?
22
Suppose 7*p - 56 = 5*p. Calculate the greatest common divisor of p and 4.
4
Let t(l) = l**2 - 7*l - 6. Let x be t(8). Let a be x - 28*(-1 - 0). Let f(o) = o**2 - 4*o + 7. Let y be f(5). What is the greatest common factor of y and a?
6
Let f be (-461)/(-3) + 4/(-6). Let d be (-1)/(3/9) - -8. Suppose -t = 4*o - d, 3*t - 3*o - 63 = o. Calculate the greatest common divisor of f and t.
17
Let c = -7 - -19. Let m = -4 - -6. Suppose -m*p + 2*g + 10 = 0, p - 5*p + 38 = 2*g. Calculate the greatest common divisor of c and p.
4
Let t be (21/(-28))/(1/(-56)). Calculate the highest common divisor of t and 6.
6
Let g(c) be the third derivative of c**5/60 + 17*c**3/6 + 3*c**2. Let t be g(0). Calculate the greatest common divisor of t and 34.
17
Suppose 2*m - 5*m = -72. Let w(j) = -5*j**3 - 4*j**2 - 7*j. Let h be w(-3). What is the highest common divisor of m and h?
24
Suppose n + n = -5*f + 185, 0 = 2*f + 5*n - 53. Suppose 5*l + q = 2*l + f, l = 4*q + 26. Calculate the greatest common divisor of l and 21.
7
Suppose -7*t - 3*i + 71 = -3*t, -4*t - 2*i + 66 = 0. Let j be (-173)/(-5) + 18/45. Calculate the greatest common factor of j and t.
7
Let u(m) = -m**3 + 8*m**2 - 5*m + 4. Let f be u(4). Calculate the highest common factor of f and 6.
6
Suppose -u - 4*r = -34, -5*u + 5*r = 2*r - 216. Calculate the highest common factor of 28 and u.
14
Suppose -4*u + 48 = -4*m, 2*u = -4*m + 19 + 11. Let y = -36 + u. Let v = y + 36. Calculate the greatest common factor of v and 13.
13
Let q = 17 + -12. Let x = q - -10. Calculate the greatest common factor of 15 and x.
15
Suppose -4*r + x = -231, -2*r - 3*x + 6